ative of -k**2/2 - 4*k - 38. Determine h(-8).
4
Let y(t) = -t**2 + 7*t - 2. Let q = 1 - -5. Let n be y(q). Let z(f) = -n*f - 3*f - 3 + 6*f. Calculate z(0).
-3
Let v(w) = -8*w**2 - 48 + 51 - 3*w + w**3 - 2*w**3. Calculate v(-7).
-25
Suppose 4*s - 7 = 3*o - s, 3*o + s - 5 = 0. Let z(v) = -4*v. Let t be z(-1). Let w(x) = -2*x - o + t*x - 2 + x**2. What is w(2)?
5
Let d(v) = -4*v**2 - 3*v - 1. Suppose -w + 2 = -0. Let l be w/10 + (-33)/15. Give d(l).
-11
Suppose 3*l - h = -10 - 0, -2*h = -3*l - 5. Let o(g) = 4*g + 1. Let y(s) = -3*s. Let t(c) = -4*o(c) - 5*y(c). Give t(l).
1
Let j(a) = 3*a**3 + 30*a - a**2 - 3*a**3 - 32*a + 2*a**3. Give j(-2).
-16
Suppose 23 = 5*v + 3*z, -3*z + 24 = 5*v + z. Suppose 2*n + 3 = k - v*k, 0 = 3*k - 3*n - 12. Let i(a) = k - 2 + 0 + 9 + a. Calculate i(0).
8
Let h(a) = 9*a**2 + 1. Suppose -5*z + 8*z = -3. Calculate h(z).
10
Let k(f) = -2*f + 2. Suppose -21 = 5*a + h, 0*h = 2*a + 2*h + 2. Let o(v) = v**2 - 8*v + 2. Let m be o(8). Let g be (m/a)/((-3)/(-15)). What is k(g)?
6
Let i be ((3 + -3)/2)/(-1). Let l(v) = 0 - 3 - v**3 - 2*v**2 + 3*v**2 + 3*v + i*v**2. Determine l(2).
-1
Let i(b) = -b - 1. Let t be i(0). Let n(s) = 2*s - 2. Let m(v) = v - 1. Let c(d) = t*n(d) + m(d). Determine c(3).
-2
Let p be (-2)/(-6) - (-2)/3. Let b = 11 + -6. Suppose -p + 26 = b*f. Let l(v) = -v**3 + 4*v**2 + 5*v + 1. What is l(f)?
1
Let q be (-24)/13 + 6/(-39) + 0. Let d(h) = -2*h**3 - 2*h**2 + 2*h + 2. Determine d(q).
6
Let w(p) = p + 8. Let j be w(-7). Let x(m) = 7*m**2 - 2 - 4*m**2 + j. What is x(-1)?
2
Let h(m) = m**3 + m**2. Let t(n) = 7*n**3 + 11*n**2 + 4. Let s(r) = 6*h(r) - t(r). Let x be s(-5). Let u(w) = -6 + 0*w - w + 4*w - 4*w. What is u(x)?
-2
Let u(i) = i**2 - 8*i + 1. Suppose 5*p - 22 = 8. Determine u(p).
-11
Let v(a) be the third derivative of 0*a + 0 - 1/3*a**3 - 1/24*a**4 + 10*a**2. Calculate v(0).
-2
Let z(r) = r**2 + 8*r - 12. Let q(c) = 2*c - 28. Let i be q(9). Calculate z(i).
8
Let s(h) = -h**3 + h - 6. Let w be (12/10)/((-1)/(-10)). Suppose 4*n = -5*u - 35, -2*u - w = 5*n + 19. Let k be 0/u*(-2 - -1). What is s(k)?
-6
Let r = 47 + -45. Let p(v) = -v**3 - v - 2. Give p(r).
-12
Suppose -1 = -3*c + 5. Let a(h) = -12*h + 1 - c + 9*h. Calculate a(4).
-13
Suppose -2*s + 4 = -2. Let f(a) = -a**3 + 2*a - s*a - 2*a**3. Suppose -2*t + 6*v + 17 = 3*v, -5*v - 25 = 0. Calculate f(t).
-4
Let k(v) = 4*v**2 + 10*v + 14. Let q(x) = -x**2 - 2*x - 3. Let h(y) = 3*k(y) + 14*q(y). Calculate h(-2).
-12
Let u(n) = -5*n + 3. Let b = 8 + -4. Let w = -14 - -27. Suppose 0 = b*c - 5*p - w, 2*c + 0 - 1 = -3*p. Calculate u(c).
-7
Suppose -5*i - 35 + 7 = 2*v, -3*i = -2*v + 4. Suppose 3*o = -2*o + 5. Let y(f) = o - 5*f - f**2 - 2 - 5. Calculate y(v).
-2
Let w = -13 - -15. Suppose 0 = -w*b + 5*p + 14, 2*b + 3*p = -3*b + 4. Let u(l) = -l**2 - 4*l. Let g(q) = -q**2 - q. Let d(s) = 3*g(s) - u(s). Calculate d(b).
-6
Let p(i) = -4*i**3 - 4*i**2 - 13*i - 11. Suppose -f - 39 = -4*f. Let z(b) = 2*b**3 + 2*b**2 + 6*b + 5. Let h(o) = f*z(o) + 6*p(o). Calculate h(-1).
-1
Suppose 3*i - 6 = 9. Suppose 10 = i*y - 0. Let p(a) = 3*a**2 - 2*a - y*a - 1 + a**3 + 0. What is p(-4)?
-1
Let h(r) = r**2 + 7*r - 2. Let g be h(-9). Let m = 11 - g. Let x(z) = -z + 1. What is x(m)?
6
Let y(s) = s**3 - 2*s**2 + s + 1. Suppose 0 = 5*r + 2*a - 15 + 1, -2*a = 3*r - 10. Determine y(r).
3
Let x(y) be the first derivative of 1/3*y**3 + y**2 + y - 2. Give x(-1).
0
Let f(l) = -l**2 - 7*l - 7. Suppose 11 = -5*t + 3*y + 3, 0 = -4*t + 4*y. Let g be -1 + (-4)/(0 + 2). Let s be (10/t)/(g/(-6)). What is f(s)?
3
Let d(o) = -2*o - 3. Let n be d(-3). Let j(x) = -5 - 3*x + n + 7 - 6. Give j(-1).
2
Let z(m) = m + 9. Suppose -4*s + s + 39 = -3*p, p = -3*s - 1. Determine z(p).
-1
Let t(m) = -m**3 - 2*m**2 + m - 2. Let d be (19 - 2) + 0/2. Suppose 5*g = g - f + d, -19 = -3*g - 2*f. Suppose -5*s + g*s = 4. Calculate t(s).
-4
Let v(f) = -9*f**3 + 11*f**2 + 12*f. Let l(p) = -7*p**3 + 10*p**2 + 11*p + 1. Let s(c) = -5*l(c) + 4*v(c). What is s(-5)?
5
Let s be 2/10 - (-9)/5. Let r(b) = 5 + b - 2 - b**3 + 0*b**s - b**2 + b. What is r(-2)?
3
Let h(g) = g**3 + g**2 - g + 6. Let x be h(0). Let d be 4/(-8) - (-20)/8. Suppose d*b - x = -b. Let l(y) = y**2 - 1. Give l(b).
3
Let o(i) = -6*i - 5 + 0 + 4. Let n(v) = v. Let g be n(1). Let q = -1 - g. Calculate o(q).
11
Let m(o) = -o**3 - 7*o**2 - 7*o - 1. Let i be ((-4)/6)/((-4)/(-18)). Let a be (i/15 - -1)*-10. Let g be 2/a - 46/8. What is m(g)?
5
Let c = 7 + -3. Let j = c + -3. Let z be j + -2 - (-1 - -3). Let y(f) = -3*f - 3. Calculate y(z).
6
Let b(u) = -4*u - u - u**2 + 2*u**2 - 2. Give b(7).
12
Suppose q - 3 = 3. Let o(m) = m**2 - 9*m + 9. Determine o(q).
-9
Let l(s) = -3*s**3 + 4*s**2 - s + 1. Let k(j) = j**3 - j. Let q(d) = -4*k(d) - l(d). What is q(-5)?
-1
Let m(y) = -2*y - 4. Let v be m(-5). Let r(g) = -g**2 + 6*g + 5. Calculate r(v).
5
Suppose 0 = -5*h + 21 + 4. Let z(l) = 4*l + l - h*l - l. Determine z(-3).
3
Let z(b) = -7*b + 1. Let i(r) = -3*r. Let v(s) = 9*i(s) - 4*z(s). Calculate v(2).
-2
Let z(b) = -b - 3*b + 4*b - b. Determine z(4).
-4
Let g(t) = -4*t - 2. Let h(j) = -j**3 - 11*j**2 - 9*j + 11. Let l be h(-10). Let s = l + 1. Give g(s).
-10
Suppose 5*y = 3*r - 6, -4*r + r - 2*y + 6 = 0. Let t(h) = -6 - 1 - 3*h + 2 + 2*h**r + 2. Determine t(-2).
11
Let l(q) = 15*q**3 + 3*q**2 - q - 3. Let w(v) = -16*v**3 - 4*v**2 + v + 4. Let h(j) = 3*l(j) + 2*w(j). Determine h(-1).
-12
Let y = -2 + 4. Let d(n) = n**3 - 2*n**2 + n - 2. Let b be d(y). Let z(f) be the third derivative of f**5/60 + f**4/24 - 4*f**3/3 + 2*f**2. Calculate z(b).
-8
Let f = 1 - -1. Let g = 1 + 1. Let a be g/4 + f/(-4). Let m(h) = -h**3 + 3. Determine m(a).
3
Suppose -2*b - 5 = -b. Suppose -3 + 1 = -w. Let z(d) = -3*d - 4. Let q(v) = 7*v + 9. Let y(j) = w*q(j) + 5*z(j). Give y(b).
3
Let u(r) = 3*r**2 - 5*r - 7. Let y(z) = -7*z**2 + 9*z + 14. Let f(l) = -5*u(l) - 2*y(l). Determine f(7).
7
Let a(u) = u + 4*u**3 - 2*u**3 + 2*u**3. Let z be 4/(-22) + (-6)/(-33). Let k be -3 + 2 + 2 - z. Calculate a(k).
5
Suppose -7*n = -5*z - 4*n, -n = 3*z. Let l be -1 + (-6)/(4 + -1). Let a = l + z. Let v(h) = -h - 3. Give v(a).
0
Let x(q) = -1 + 3*q**3 + 4*q**2 - 4*q**2 + q + 3*q**2. What is x(-2)?
-15
Let u(w) = -w**2 + w + 5. Let l(a) = -a**2 + 1. Let b(v) = -5*l(v) + u(v). Let g(h) = 5*h + 36. Let s be g(-7). Calculate b(s).
5
Let p(i) = 2*i**2 - 4*i + 3. Let y(v) = -5*v**2 - 6*v - 5. Let q(b) = -b**2 - b - 1. Let d(z) = 6*q(z) - y(z). Let m(x) = -5*d(x) - p(x). Determine m(-2).
6
Let f(j) = -2*j + 1. Suppose y = 2 - 1. Let w be (0 + 2 - -3)*y. What is f(w)?
-9
Suppose n + 4*d + 18 = d, 38 = -5*n - 2*d. Let w(r) = -r**2 - 5*r + 7. Give w(n).
1
Let d(k) = 3*k + 1. Suppose -7 = 4*f + 5. Give d(f).
-8
Let g(m) be the second derivative of m**3/2 - m**2/2 + 17*m. Suppose -5*t - 1 = 4*j, 2*t + 4*j = 2 - 0. Calculate g(t).
-4
Let p be -35*3/(6/(-2)). Suppose 3*k - k - 4 = 0, -5*k + p = -5*i. Let r be (-2 - -1)*i - 2. Let x(w) = -w**2 + 3*w - 2. Determine x(r).
-2
Let g(k) = 6*k**3 - 2*k**2 + k. Let n(b) = -b**3 - 2*b**2 + 3*b + 3. Let z be n(-3). Suppose -2*i = -4*i, 3*s = i - 6. Let m = s + z. Give g(m).
5
Suppose -5*d = -9 - 1. Let y(p) = 3*p**2 - 2*p + 1. Calculate y(d).
9
Let z be 4/(-20)*0*-1. Let b(n) be the first derivative of -1 + 1/2*n**4 + z*n**2 + 0*n**3 - n. Determine b(-1).
-3
Let q(u) = -2*u - 6. Let c be q(-5). Let z(r) = r**3 - r**3 + 4*r + 10*r**2 + 4 - r**3 - 7*r**2. Give z(c).
4
Let x(u) = u**2. Let r = -8 - -14. Let c be -2 - r/(2 + 1). Let v = 5 + c. Give x(v).
1
Suppose 7*s = 45 - 17. Let r(m) be the third derivative of 0*m + 0 + 2*m**2 - 13/6*m**3 + 1/24*m**s. Determine r(0).
-13
Let s(r) = r**2 + 3*r + 1. Let p = 7 + -10. Determine s(p).
1
Let b(v) = -v**2 - 4 - v**2 + 3. Suppose 2*r - 27 = -4*i - 9, -2*r + 14 = 3*i. What is b(r)?
-3
Let u(z) = -z**3 - 14*z**2 + 14*z - 14. Let o be u(-15). Let k(v) be the second derivative of -17*v**4/12 - v**3/6 + v**2/2 + v. What is k(o)?
-17
Let w(x) = -x - 13. Let y = -35 + 26. What is w(y)?
-4
Let i(o) be the third derivative of -3*o**4/8 - o**2. Let r(z) = -z + 6. Let c be r(-3). Suppose 5*f = 14 - c. Calculate i(f).
-9
Let p = -5 + 9. Let w = -1 + p. Let b(r) = -r. Calculate b(w).
-3
Suppose 3*v = 7*v - 28. Suppose -2*g = 3 - v. Let b(x) = 4*x**g 